
5, 101
List the prime factors of 33346.
2, 16673
What are the prime factors of 19307?
43, 449
List the prime factors of 8513.
8513
List the prime factors of 7191.
3, 17, 47
What are the prime factors of 13196?
2, 3299
List the prime factors of 84.
2, 3, 7
List the prime factors of 2362.
2, 1181
List the prime factors of 27442.
2, 13721
List the prime factors of 1422.
2, 3, 79
What are the prime factors of 4348?
2, 1087
What are the prime factors of 7?
7
What are the prime factors of 515?
5, 103
What are the prime factors of 17541?
3, 1949
List the prime factors of 9901.
9901
List the prime factors of 1459.
1459
What are the prime factors of 2245?
5, 449
What are the prime factors of 8146?
2, 4073
List the prime factors of 17469.
3, 647
What are the prime factors of 1494?
2, 3, 83
List the prime factors of 435.
3, 5, 29
List the prime factors of 1019.
1019
List the prime factors of 11728.
2, 733
List the prime factors of 4454.
2, 17, 131
List the prime factors of 2750.
2, 5, 11
What are the prime factors of 9309?
3, 29, 107
What are the prime factors of 9076?
2, 2269
List the prime factors of 2601.
3, 17
What are the prime factors of 16429?
7, 2347
What are the prime factors of 863?
863
List the prime factors of 3183.
3, 1061
What are the prime factors of 2858?
2, 1429
What are the prime factors of 4784?
2, 13, 23
List the prime factors of 7891.
13, 607
List the prime factors of 30577.
30577
List the prime factors of 106014.
2, 3, 17669
What are the prime factors of 4990?
2, 5, 499
List the prime factors of 33977.
61, 557
What are the prime factors of 5095?
5, 1019
List the prime factors of 37549.
37549
List the prime factors of 2428.
2, 607
What are the prime factors of 4131?
3, 17
List the prime factors of 12529.
11, 17, 67
What are the prime factors of 2502?
2, 3, 139
What are the prime factors of 1105?
5, 13, 17
List the prime factors of 5239.
13, 31
List the prime factors of 792.
2, 3, 11
List the prime factors of 15614.
2, 37, 211
List the prime factors of 639.
3, 71
What are the prime factors of 524?
2, 131
List the prime factors of 82600.
2, 5, 7, 59
List the prime factors of 22918.
2, 7, 1637
What are the prime factors of 16740?
2, 3, 5, 31
What are the prime factors of 146599?
31, 4729
What are the prime factors of 4944?
2, 3, 103
What are the prime factors of 1164?
2, 3, 97
List the prime factors of 5449.
5449
What are the prime factors of 310?
2, 5, 31
What are the prime factors of 2992?
2, 11, 17
List the prime factors of 1370.
2, 5, 137
What are the prime factors of 111949?
111949
What are the prime factors of 5895?
3, 5, 131
List the prime factors of 78378.
2, 3, 13063
What are the prime factors of 43?
43
List the prime factors of 91525.
5, 7, 523
What are the prime factors of 15792?
2, 3, 7, 47
List the prime factors of 49379.
11, 67
List the prime factors of 6961.
6961
What are the prime factors of 8339?
31, 269
List the prime factors of 28407.
3, 17, 557
What are the prime factors of 43290?
2, 3, 5, 13, 37
What are the prime factors of 10546?
2, 5273
List the prime factors of 18362.
2, 9181
List the prime factors of 791.
7, 113
List the prime factors of 219.
3, 73
What are the prime factors of 79268?
2, 7, 19, 149
List the prime factors of 18907.
7, 37, 73
What are the prime factors of 6570?
2, 3, 5, 73
What are the prime factors of 4258?
2, 2129
What are the prime factors of 8087?
8087
List the prime factors of 26978.
2, 7, 41, 47
What are the prime factors of 17132?
2, 4283
List the prime factors of 128627.
293, 439
List the prime factors of 405.
3, 5
What are the prime factors of 33262?
2, 16631
What are the prime factors of 15902?
2, 7951
What are the prime factors of 1008?
2, 3, 7
What are the prime factors of 37049?
37049
List the prime factors of 10669.
47, 227
What are the prime factors of 21969?
3, 2441
List the prime factors of 3459.
3, 1153
What are the prime factors of 1331?
11
What are the prime factors of 55148?
2, 17, 811
List the prime factors of 17419.
17419
What are the prime factors of 8832?
2, 3, 23
List the prime factors of 105552.
2, 3, 733
List the prime factors of 821.
821
List the prime factors of 2571.
3, 857
What are the prime factors of 47662?
2, 23831
List the prime factors of 2963.
2963
What are the prime factors of 47?
47
List the prime factors of 80592.
2, 3, 23, 73
What are the prime factors of 76434?
2, 3, 12739
List the prime factors of 140000.
2, 5, 7
What are the prime factors of 1135?
5, 227
List the prime factors of 15261.
3, 5087
What are the prime factors of 9200?
2, 5, 23
What are the prime factors of 635?
5, 127
What are the prime factors of 436?
2, 109
List the prime factors of 7511.
7, 29, 37
What are the prime factors of 57048?
2, 3, 2377
What are the prime factors of 374?
2, 11, 17
What are the prime factors of 10041?
3, 3347
What are the prime factors of 6725?
5, 269
What are the prime factors of 2020?
2, 5, 101
What are the prime factors of 144572?
2, 47, 769
List the prime factors of 5545.
5, 1109
List the prime factors of 828.
2, 3, 23
List the prime factors of 8943.
3, 11, 271
List the prime factors of 5328.
2, 3, 37
List the prime factors of 377.
13, 29
What are the prime factors of 1617?
3, 7, 11
What are the prime factors of 1923?
3, 641
What are the prime factors of 1419?
3, 11, 43
List the prime factors of 82200.
2, 3, 5, 137
List the prime factors of 1556.
2, 389
List the prime factors of 5165.
5, 1033
What are the prime factors of 34577?
71, 487
What are the prime factors of 81658?
2, 40829
List the prime factors of 2126.
2, 1063
What are the prime factors of 14439?
3, 4813
What are the prime factors of 325?
5, 13
List the prime factors of 15119.
13, 1163
What are the prime factors of 1072?
2, 67
What are the prime factors of 11005?
5, 31, 71
What are the prime factors of 10457?
10457
List the prime factors of 1654.
2, 827
List the prime factors of 65604.
2, 3, 7, 11, 71
What are the prime factors of 27279?
3, 7, 433
What are the prime factors of 10535?
5, 7, 43
What are the prime factors of 603?
3, 67
What are the prime factors of 4028?
2, 19, 53
What are the prime factors of 4715?
5, 23, 41
What are the prime factors of 11127?
3, 3709
What are the prime factors of 4323?
3, 11, 131
List the prime factors of 113.
113
What are the prime factors of 2772?
2, 3, 7, 11
List the prime factors of 753.
3, 251
What are the prime factors of 3247?
17, 191
What are the prime factors of 5317?
13, 409
What are the prime factors of 1206?
2, 3, 67
List the prime factors of 327.
3, 109
What are the prime factors of 24713?
13, 1901
What are the prime factors of 2887?
2887
What are the prime factors of 10821?
3, 3607
What are the prime factors of 909?
3, 101
List the prime factors of 3057.
3, 1019
List the prime factors of 1492.
2, 373
What are the prime factors of 1231?
1231
List the prime factors of 24174.
2, 3, 17, 79
What are the prime factors of 2436?
2, 3, 7, 29
List the prime factors of 1466.
2, 733
List the prime factors of 2227.
17, 131
List the prime factors of 30546.
2, 3, 1697
What are the prime factors of 1449?
3, 7, 23
List the prime factors of 113872.
2, 11, 647
What are the prime factors of 48987?
3, 5443
List the prime factors of 465.
3, 5, 31
What are the prime factors of 14112?
2, 3, 7
List the prime factors of 82297.
17, 47, 103
List the prime factors of 313.
313
List the prime factors of 778.
2, 389
What are the prime factors of 60?
2, 3, 5
What are the prime factors of 156?
2, 3, 13
What are the prime factors of 858?
2, 3, 11, 13
What are the prime factors of 232?
2, 29
What are the prime factors of 471?
3, 157
List the prime factors of 75261.
3, 25087
What are the prime factors of 565?
5, 113
What are the prime factors of 518?
2, 7, 37
List the prime factors of 24423.
3, 7, 1163
List the prime factors of 12640.
2, 5, 79
List the prime factors of 437.
19, 23
List the prime factors of 1073.
29, 37
What are the prime factors of 25913?
25913
List the prime factors of 134832.
2, 3, 53
What are the prime factors of 8255?
5, 13, 127
What are the prime factors of 6848?
2, 107
What are the prime factors of 3738?
2, 3, 7, 89
What are the prime factors of 5543?
23, 241
List the prime factors of 7332.
2, 3, 13, 47
What are the prime factors of 98808?
2, 3, 23, 179
List t